{"id":128,"date":"2021-05-13T17:06:25","date_gmt":"2021-05-13T15:06:25","guid":{"rendered":"http:\/\/www.reparanotebook.com\/?page_id=128"},"modified":"2021-05-13T18:13:34","modified_gmt":"2021-05-13T16:13:34","slug":"detalles","status":"publish","type":"page","link":"https:\/\/www.backup.reparanotebook.com\/?page_id=128","title":{"rendered":"Detalles"},"content":{"rendered":"\n<h4 class=\"wp-block-heading\"><span class=\"has-inline-color has-vivid-red-color\">Videoconferencias<\/span><\/h4>\n\n\n\n<p>Son brindadas de manera continua por el instructor mediante un sistema de alta tecnolog\u00eda e integraci\u00f3n que facilita el estudio a distancia generando informaci\u00f3n extra, soporte, repaso de temas o complementaria a los videos y m\u00f3dulos estudiados.<\/p>\n\n\n\n<h4 class=\"wp-block-heading\"><span class=\"has-inline-color has-vivid-red-color\">Sistema de consultas 1 a 1 con el instructor<\/span><\/h4>\n\n\n\n<p>Para complementar el entrenamiento, disipando dudas sobre problemas o fallas m\u00e1s avanzadas en los motherboard, se programar\u00e1 por medio de las v\u00edas disponibles un horario conveniente para el instructor y el participante, de lunes a viernes, de 9 a 17hs, hora de Argentina o dejando la consulta en el email de soporte.<\/p>\n\n\n\n<h4 class=\"wp-block-heading\"><span class=\"has-inline-color has-vivid-red-color\">Medios de comunicaci\u00f3n entre los participantes<\/span><\/h4>\n\n\n\n<p>Se dispone de un email de soporte, un grupo de Facebook cerrado y VIP (estudiantes y miembros egresados), un foro de consultas y la posibilidad de libre descarga de material (manuales, diagramas, circuitos, BIOS y todo aquello que integre la capacitaci\u00f3n).<\/p>\n\n\n\n<h4 class=\"wp-block-heading\"><span class=\"has-inline-color has-vivid-red-color\">Tiempo de estudio<\/span><\/h4>\n\n\n\n<p>El tiempo de estudio completo es de 4 meses, mas 2 meses de soporte del contenido y consultas, aunque esperamos que te quedes como \u00a1egresado! Y ayudando a mas compa\u00f1eros con las mismas metas. Este entrenamiento supone el estudio de 1 m\u00f3dulo por mes, ideal (tiempo estimado, variara de acuerdo a las posibilidades del participante) terminando el proceso de aprendizaje entre 4 meses a 6 meses en total.<\/p>\n\n\n\n<h4 class=\"wp-block-heading\"><span class=\"has-inline-color has-vivid-red-color\">Formato de estudio y herramientas m\u00ednimas esenciales.<\/span><\/h4>\n\n\n\n<p>El participante deber\u00e1 disponer como m\u00ednimo de un motherboard de notebook, para poder realizar el an\u00e1lisis,estudio y pr\u00e1ctica del entrenamiento.Necesitar\u00e1 un mult\u00edmetro, una estaci\u00f3n de soldadura dual o individual (por l\u00e1piz y por aire caliente) y una fuente variable, para poder llevar adelante las pr\u00e1cticas electr\u00f3nicas sobre el motherboard y comenzar con reparaciones sencillas. Si ya lo dispone, solo ser\u00e1 cuesti\u00f3n de empezar a mirar y participar del contenido.<br>(Si no dispone de herramientas, nosotros lo asesoramos sobre que comprar)<\/p>\n\n\n\n<p>Realizar\u00e1 una revisi\u00f3n y estudio del contenido que, complementado con los accesos a las videoconferencias de<br>repaso y el contacto con el instructor, deber\u00e1 presentarse a evaluaci\u00f3n para continuar con el siguiente m\u00f3dulo de<br>estudio o pedido de pr\u00f3rroga para avanzar a otro modulo.<\/p>\n\n\n\n<p>Cada m\u00f3dulo debe superarse con un m\u00ednimo del 70% de las preguntas o trabajos pr\u00e1cticos, ser\u00e1 basado en los<br>videos, las charlas con el instructor, videoconferencias y pr\u00e1cticas habituales realizadas en el laboratorio, con el<br>\u00fanico fin de aprender el oficio como profesional en la materia.<\/p>\n\n\n\n<h4 class=\"wp-block-heading\"><span class=\"has-inline-color has-vivid-red-color\">Certificaci\u00f3n t\u00e9cnica<\/span><\/h4>\n\n\n\n<p class=\"has-text-align-center\">Luego de aprobado los 4 m\u00f3dulos, el participante recibir\u00e1 de manera digital, listo para imprimir la certificaci\u00f3n de<br>estudio:<br>\u201cT\u00e9cnico Especialista en Reparaci\u00f3n de Motherboards de Equipos Port\u00e1tiles\u201d<\/p>\n\n\n\n\n","protected":false},"excerpt":{"rendered":"<p>Videoconferencias Son brindadas de manera continua por el instructor mediante un sistema de alta tecnolog\u00eda e integraci\u00f3n que facilita el estudio a distancia generando informaci\u00f3n extra, soporte, repaso de temas o complementaria a los videos y m\u00f3dulos estudiados. Sistema de consultas 1 a 1 con &hellip; <\/p>\n","protected":false},"author":1,"featured_media":0,"parent":0,"menu_order":0,"comment_status":"closed","ping_status":"closed","template":"","meta":{"footnotes":""},"class_list":["post-128","page","type-page","status-publish","hentry"],"_links":{"self":[{"href":"https:\/\/www.backup.reparanotebook.com\/index.php?rest_route=\/wp\/v2\/pages\/128","targetHints":{"allow":["GET"]}}],"collection":[{"href":"https:\/\/www.backup.reparanotebook.com\/index.php?rest_route=\/wp\/v2\/pages"}],"about":[{"href":"https:\/\/www.backup.reparanotebook.com\/index.php?rest_route=\/wp\/v2\/types\/page"}],"author":[{"embeddable":true,"href":"https:\/\/www.backup.reparanotebook.com\/index.php?rest_route=\/wp\/v2\/users\/1"}],"replies":[{"embeddable":true,"href":"https:\/\/www.backup.reparanotebook.com\/index.php?rest_route=%2Fwp%2Fv2%2Fcomments&post=128"}],"version-history":[{"count":2,"href":"https:\/\/www.backup.reparanotebook.com\/index.php?rest_route=\/wp\/v2\/pages\/128\/revisions"}],"predecessor-version":[{"id":132,"href":"https:\/\/www.backup.reparanotebook.com\/index.php?rest_route=\/wp\/v2\/pages\/128\/revisions\/132"}],"wp:attachment":[{"href":"https:\/\/www.backup.reparanotebook.com\/index.php?rest_route=%2Fwp%2Fv2%2Fmedia&parent=128"}],"curies":[{"name":"wp","href":"https:\/\/api.w.org\/{rel}","templated":true}]}}